 factor of 26 and 196.
2
Calculate the highest common divisor of 918 and 102.
102
Calculate the highest common factor of 1353 and 369.
123
Calculate the greatest common divisor of 29 and 232.
29
What is the greatest common factor of 60 and 2532?
12
Calculate the highest common factor of 94 and 2491.
47
What is the greatest common factor of 28 and 266?
14
What is the highest common divisor of 168 and 63?
21
Calculate the greatest common divisor of 35 and 280.
35
What is the greatest common divisor of 462 and 132?
66
Calculate the highest common divisor of 265 and 318.
53
What is the highest common divisor of 22 and 8206?
22
Calculate the highest common divisor of 1200 and 696.
24
What is the highest common divisor of 1078 and 22?
22
Calculate the greatest common factor of 2650 and 212.
106
Calculate the greatest common factor of 44 and 1892.
44
What is the greatest common divisor of 2822 and 1826?
166
What is the greatest common divisor of 49 and 17787?
49
Calculate the greatest common divisor of 30 and 750.
30
What is the greatest common factor of 121 and 319?
11
Calculate the highest common factor of 78 and 24.
6
Calculate the highest common factor of 434 and 14.
14
Calculate the highest common factor of 560 and 16.
16
Calculate the greatest common factor of 16988 and 274.
274
What is the highest common factor of 455 and 35?
35
What is the highest common factor of 78 and 2379?
39
Calculate the greatest common divisor of 410 and 2542.
82
What is the greatest common divisor of 106 and 27613?
53
What is the highest common factor of 646 and 1462?
34
Calculate the highest common divisor of 1727 and 99.
11
Calculate the highest common divisor of 78 and 351.
39
Calculate the greatest common factor of 477 and 4929.
159
Calculate the highest common factor of 52 and 390.
26
What is the greatest common factor of 160 and 5?
5
Calculate the greatest common factor of 2720 and 1224.
136
Calculate the highest common divisor of 2890 and 20.
10
What is the highest common divisor of 112 and 80?
16
Calculate the highest common divisor of 18 and 99.
9
What is the highest common divisor of 35 and 91?
7
Calculate the greatest common factor of 13 and 676.
13
What is the highest common factor of 11 and 1969?
11
Calculate the highest common factor of 42 and 1365.
21
Calculate the greatest common factor of 323 and 95.
19
Calculate the highest common factor of 8550 and 38.
38
Calculate the greatest common factor of 55 and 5.
5
What is the greatest common divisor of 405 and 2295?
135
What is the greatest common divisor of 13596 and 528?
132
What is the highest common divisor of 24 and 24?
24
Calculate the greatest common factor of 9282 and 204.
102
Calculate the highest common divisor of 68 and 221.
17
Calculate the highest common factor of 240 and 564.
12
Calculate the greatest common factor of 108 and 324.
108
Calculate the greatest common divisor of 7663 and 97.
97
Calculate the greatest common factor of 88 and 1826.
22
Calculate the highest common divisor of 8848 and 560.
112
What is the highest common divisor of 9159 and 129?
129
What is the greatest common factor of 11 and 913?
11
Calculate the highest common divisor of 104 and 128.
8
What is the greatest common factor of 594 and 54?
54
Calculate the highest common divisor of 30 and 490.
10
Calculate the greatest common divisor of 20 and 4.
4
Calculate the highest common factor of 5434 and 190.
38
Calculate the greatest common factor of 152 and 40.
8
What is the greatest common divisor of 6 and 82?
2
What is the greatest common factor of 324 and 108?
108
What is the highest common factor of 200 and 4100?
100
What is the highest common factor of 1326 and 312?
78
Calculate the greatest common factor of 7275 and 150.
75
What is the greatest common divisor of 41 and 82?
41
Calculate the highest common factor of 143 and 1027.
13
Calculate the highest common divisor of 708 and 24.
12
What is the greatest common factor of 731 and 119?
17
What is the greatest common factor of 176 and 1276?
44
Calculate the greatest common divisor of 2 and 523.
1
What is the greatest common divisor of 51 and 2941?
17
What is the highest common divisor of 2040 and 40?
40
Calculate the highest common factor of 105 and 18305.
35
What is the greatest common divisor of 7860 and 276?
12
Calculate the highest common factor of 16 and 7.
1
What is the highest common divisor of 2162 and 94?
94
What is the greatest common divisor of 90 and 216?
18
Calculate the greatest common divisor of 54 and 684.
18
What is the highest common factor of 1092 and 1248?
156
Calculate the greatest common divisor of 22327 and 538.
269
What is the highest common factor of 258 and 6?
6
What is the highest common factor of 545 and 327?
109
Calculate the highest common divisor of 738 and 18.
18
Calculate the greatest common factor of 319 and 143.
11
What is the highest common factor of 84 and 56364?
84
What is the greatest common factor of 214 and 6527?
107
Calculate the highest common factor of 48 and 3.
3
What is the highest common divisor of 37 and 4736?
37
Calculate the highest common divisor of 768 and 168.
24
What is the greatest common divisor of 126 and 1638?
126
Calculate the highest common factor of 1537 and 583.
53
What is the highest common divisor of 1925 and 2975?
175
What is the highest common factor of 12 and 4064?
4
What is the highest common divisor of 522 and 29?
29
Calculate the highest common factor of 155 and 30.
5
Calculate the greatest common factor of 9877 and 747.
83
Calculate the greatest common factor of 16 and 464.
16
Calculate the highest common factor of 8 and 7.
1
Calculate the greatest common divisor of 230 and 322.
46
What is the highest common divisor of 20550 and 300?
150
Calculate the highest common divisor of 14 and 678.
2
What is the highest common factor of 899 and 62?
31
Calculate the greatest common factor of 5019 and 126.
21
Calculate the greatest common factor of 378 and 25830.
126
Calculate the highest common divisor of 9 and 225.
9
Calculate the highest common divisor of 406 and 28.
14
Calculate the highest common factor of 2299 and 38.
19
Calculate the greatest common divisor of 52 and 260.
52
What is the greatest common divisor of 28 and 84?
28
What is the highest common factor of 1729 and 91?
91
Calculate the greatest common divisor of 70 and 40.
10
What is the greatest common factor of 40 and 370?
10
What is the greatest common divisor of 154 and 266?
14
What is the highest common factor of 22 and 3355?
11
Calculate the greatest common divisor of 215 and 2021.
43
What is the highest common factor of 81 and 6?
3
Calculate the highest common divisor of 10 and 26.
2
What is the greatest common divisor of 737 and 1608?
67
What is the greatest common factor of 1 and 169?
1
What is the highest common divisor of 203 and 1?
1
Calculate the greatest common factor of 276 and 1173.
69
Calculate the highest common factor of 638 and 22.
22
What is the highest common factor of 420 and 658?
14
Calculate the highest common factor of 3 and 13.
1
What is the greatest common factor of 24 and 348?
12
What is the greatest common factor of 9538 and 57?
19
Calculate the greatest common factor of 472 and 8.
8
Calculate the greatest common divisor of 62 and 43462.
62
What is the greatest common factor of 2160 and 24?
24
Calculate the highest common divisor of 12 and 332.
4
Calculate the greatest common divisor of 2760 and 240.
120
What is the highest common factor of 90 and 20?
10
Calculate the highest common divisor of 495 and 15.
15
What is the highest common divisor of 13 and 1?
1
What is the highest common factor of 8 and 1944?
8
Calculate the highest common factor of 232 and 493.
29
Calculate the greatest common factor of 114 and 57.
57
Calculate the highest common factor of 28 and 700.
28
Calculate the highest common factor of 2697 and 957.
87
What is the highest common divisor of 1926 and 18?
18
Calculate the highest common factor of 309 and 1648.
103
What is the highest common factor of 304 and 64?
16
Calculate the greatest common divisor of 738 and 342.
18
What is the highest common divisor of 217 and 35?
7
What is the greatest common divisor of 128 and 192?
64
What is the highest common divisor of 220 and 715?
55
Calculate the highest